= -67. Let o = 151 - 101. Calculate the highest common divisor of j and o.
10
Let y(p) = p**2 - 2*p + 33. Let f be y(-9). Calculate the highest common factor of f and 36.
12
Suppose -4*a + 211 = b - 29, -a + 480 = 2*b. What is the greatest common divisor of 150 and b?
30
Let r be 0 + 3/((-6)/(-20)). Let s = r - 2. Calculate the greatest common divisor of s and 20.
4
Suppose 3*k + d + 9 - 171 = 0, 3*d = 0. Suppose 6*n = 2*z + 4*n - 34, 4*z = -3*n + k. Calculate the greatest common divisor of z and 105.
15
Suppose 104 - 20 = 6*v. Suppose -233 = -v*m - 37. Calculate the greatest common factor of m and 49.
7
Let b(n) = -n - 4. Let i be b(4). Let k = i - -23. Let u(x) = x**3 + 3*x**2 - 5*x + 13. Let m be u(4). Calculate the greatest common factor of k and m.
15
Let d = -41 + 126. Suppose o = -0*o - u + 20, 73 = 5*o - 4*u. Calculate the highest common factor of o and d.
17
Let b be (-68)/(-16) + (2 - 20/16). What is the greatest common divisor of 170 and b?
5
Suppose 3*d - 3086 = 82. Suppose -2*q + d = 2*q. Calculate the greatest common divisor of 33 and q.
33
Suppose -24*i + 426 = -21*i. What is the highest common factor of i and 355?
71
Suppose -6*l - 4*q = -2*l - 232, 5*l = -4*q + 288. Let z = 91 + -63. Calculate the greatest common divisor of z and l.
28
Let i(r) = -111*r - 261. Let h be i(-3). What is the greatest common divisor of 117 and h?
9
Let c = 132 + -106. Let f(x) = 4*x**2 + 0*x**3 - 4 + x + x**3 + x. Let q be f(3). What is the highest common factor of q and c?
13
Let s(a) = -16*a - 2. Let q be s(-3). What is the highest common factor of 276 and q?
46
Suppose -9 - 81 = -4*b - 2*s, -2*b + 33 = -3*s. Let o be (-9 - 1*-2)/(-1). Calculate the highest common factor of b and o.
7
Let h be (-8)/10*(-330)/4. Suppose t = 5*t + 4. Let i be 23 - -1 - (1 - t). What is the highest common factor of h and i?
22
Let j = 1026 + -594. Let m be (-42)/(-9)*j/42. Calculate the highest common factor of 12 and m.
12
Let k = -15 - -15. Suppose 0*x + 242 = 2*x - t, k = x + 2*t - 111. What is the greatest common divisor of 17 and x?
17
Let h(u) = -2*u**3 - 32*u**2 - 32*u. Let d be h(-15). What is the highest common factor of d and 20?
10
Suppose -3 = 5*a + 22. Let j be (a/4)/((-2)/48). Suppose 0 = 3*r - 4*d - 34, 48 = 5*r + 4*d - j. What is the highest common divisor of 112 and r?
14
Let f be (-17)/(-3*(-2)/66). Let y = f - -285. Let g = -24 + 38. Calculate the highest common divisor of y and g.
14
Let g be (-1)/((-3)/12) - 2. Let k(x) = -7*x + 6. Let t be k(-5). Suppose a + 75 = g*r + 26, -5*a + t = 3*r. Calculate the highest common factor of 22 and r.
22
Let m = -338 + 369. Calculate the greatest common factor of 496 and m.
31
Suppose -f - 8015 = -8022. Suppose 4*s - 33 = -5. What is the highest common factor of f and s?
7
Let n be 1428/231 + (-2)/11. Calculate the highest common divisor of 146 and n.
2
Let u = 370 + -175. Suppose -4*y + 7*y = u. Calculate the greatest common divisor of 13 and y.
13
Suppose -4375 = -16*i + 3065. What is the greatest common divisor of 15 and i?
15
Suppose 9*g = 8*g + 5. What is the highest common divisor of g and 1?
1
Suppose 0 = -2*h + 15 + 1. Let d = 73 + -53. Let z = 24 - d. What is the highest common factor of z and h?
4
Suppose -324 = -4*c + 324. Suppose i - c = -3*i - 3*b, 0 = -i - 2*b + 38. Suppose 315 = 4*y + y. Calculate the greatest common factor of i and y.
21
Let f(z) = z**2 + 24*z - 10. Let s be f(-26). Suppose 199 - 31 = w. Calculate the greatest common divisor of s and w.
42
Let b(m) = 3*m**2 + m - 16. Let f be b(-4). What is the highest common factor of 12 and f?
4
Suppose -5*o = -a + 88, -o = -3*a - 6*o + 344. Suppose -3*k = -33 - 3. What is the greatest common factor of a and k?
12
Let d = 251 + -177. Calculate the greatest common factor of 148 and d.
74
Let x = -17 - -22. Suppose 0*p + o + 402 = x*p, 0 = 5*p + o - 408. Calculate the greatest common factor of p and 54.
27
Let f = -893 - -904. Let o = 8 + -37. Let x = o + 40. Calculate the greatest common factor of x and f.
11
Let z = 29 + -24. Let u(h) = 2*h**2 - 4*h - 5. Let o be u(z). Calculate the highest common factor of 10 and o.
5
Let x = -4 - 9. Let r(g) = g**3 + 13*g**2 - 2*g - 19. Let f be r(x). What is the greatest common factor of 1 and f?
1
Let j = -151 - -221. Let a(n) = 2*n**2 + n - 1. Let c be a(-3). What is the highest common factor of c and j?
14
Let h be (0 + -15)/((-1)/2). What is the greatest common factor of h and 255?
15
Let w be -2 - 3 - 2/(6/(-351)). Suppose 2*z - 2*u + 58 = 6*z, -89 = -5*z + 3*u. Calculate the highest common divisor of z and w.
16
Let o(t) = 5*t**3 - t**2 + t + 1. Let d be o(2). What is the greatest common factor of 6 and d?
3
Let r be (1 - 4)/(-1) + 57. Suppose 7*k - 10*k + r = 0. Suppose g = 6*g - 20. What is the greatest common factor of k and g?
4
Let c be ((-9)/(-6))/(15/(-6) + 3). Suppose -c*d = 4*p - 109, d = 3*p - p - 47. What is the highest common factor of p and 5?
5
Suppose -7 + 1 = -2*h. Suppose 4*z = -h*y + 4, -7*z - 3*y - 2 = -9*z. What is the greatest common factor of z and 9?
1
Suppose -c - 22*c = -33948. Calculate the highest common divisor of 41 and c.
41
Suppose 3*p = 7*p - 3*s - 38, -20 = -3*p - 2*s. Suppose -88 = -4*b - p. What is the greatest common factor of 20 and b?
20
Let p be (6 - 3)/((-18)/(-23790)). What is the greatest common factor of 65 and p?
65
Let q = -236 + 326. What is the highest common divisor of 360 and q?
90
Let q(u) = 2 - 1 + 8 - 1 - 34*u. Let y be q(-3). Calculate the greatest common divisor of y and 10.
10
Let x(y) = 3*y**3 - 2*y + 2. Let t be x(1). Suppose -t*w + 6 = -9. Let r = -5 + 30. Calculate the greatest common divisor of r and w.
5
Suppose 500 = 3*p - 2*k, -496 = -3*p + 5*k - k. Calculate the highest common divisor of p and 21.
21
Let z be ((-2)/4)/((-4)/256). Suppose -4*q = -0 - 72. Suppose 4*t - 8 = a + q, -5*t + a = -z. Calculate the greatest common factor of t and 6.
6
Suppose -6*l - 288 = -15*l. What is the highest common divisor of l and 8?
8
Let g = 1 - -3. Suppose -2*y + 66 = -g*y. Let q = y + 57. Calculate the highest common divisor of q and 120.
24
Let p be 9 - (7 + -3) - 3. Calculate the highest common divisor of p and 5.
1
Suppose -304 = -4*x + 180. Let z be (4 + -7 - -2)*(-44)/4. What is the greatest common factor of x and z?
11
Let v = -400 - -414. Calculate the greatest common divisor of v and 91.
7
Suppose -5 - 8 = l. Let j(d) = -d - 14. Let t be j(l). Let s be 1 + (-71)/t - 2. Calculate the greatest common factor of 28 and s.
14
Let j(m) be the third derivative of 4*m**5/15 + m**4/12 - m**3/3 - 5*m**2. Let h be j(2). What is the highest common factor of h and 6?
6
Let d be (-74)/185 + 8174/10. What is the highest common divisor of d and 19?
19
Suppose -3*p - 2 = 2*l - 5, -l - 4 = -4*p. Suppose l*f + 5*a - 140 = -5*f, -2*f + 42 = -5*a. Calculate the greatest common divisor of f and 26.
26
Let p(g) = 16*g**2 - 20*g + 24. Let b be p(-15). Calculate the greatest common factor of 36 and b.
36
Let h(p) = 13*p**2 - 2*p - 2. Let r be h(-3). Let t = r + -41. Suppose t = -q + 5*q. Calculate the greatest common divisor of 40 and q.
20
Let c be (-2 + (2 - 1))*(-108 - -94). Let t(b) = b**2 + 3*b - 2. Let y be t(-4). What is the greatest common divisor of y and c?
2
Suppose -2*p + 5*y - 19 = 0, -4*p - 1 + 3 = -2*y. Suppose -p*q - 5*q = -288. Calculate the highest common divisor of q and 396.
36
Let i(h) = 9*h**2 - 27*h + 26. Let z be i(5). What is the greatest common divisor of 145 and z?
29
Suppose 179*x = 174*x + 5. Calculate the greatest common factor of x and 11.
1
Suppose 0*i - g - 9 = -2*i, 3*g + 24 = 5*i. Suppose 190 = -d + i*d. Calculate the greatest common factor of d and 19.
19
Let a = 97 + -78. Let c(i) = -i**3 + 19*i**2 + 6*i - 38. Let d be c(a). What is the greatest common factor of d and 190?
38
Let u(t) be the second derivative of -t**3/6 + 11*t**2 - 3*t. Let j be u(10). Calculate the highest common divisor of 12 and j.
12
Let d = 234 - 228. Calculate the greatest common factor of 282 and d.
6
Suppose 0 = -4*h - 2*p + 14, p = -3*h - p + 10. Suppose -l + 15 = h*l. Suppose o - 3*z = 12, z + z + 64 = l*o. What is the highest common factor of 36 and o?
12
Suppose -4*g = -2*h + 106, -4*h + 310 = h - g. What is the highest common factor of 91 and h?
